actors of p?
2
List the prime factors of (1/3)/((-5)/(-690)).
2, 23
Suppose -3*d - h + 3967 = 0, 5*d - 6625 = -13*h + 18*h. What are the prime factors of d?
3, 7
Let q be 14/6 - 16/(-24). Suppose -2*w = 2*d - 106 - 24, -2*w = q*d - 131. List the prime factors of w.
2
Let n be (-1 + -3)/2*-1. Let z(c) = -298*c + 298*c + 17*c**n. List the prime factors of z(-1).
17
What are the prime factors of -2235*6/(-18) - -7?
2, 47
Suppose 0 = -11*c + 8*c + 12. What are the prime factors of -3 + 5 - c - -127?
5
Suppose 87*m = 84*m + 1155. List the prime factors of m.
5, 7, 11
Suppose v = -2*b + 11, 2*v - 11 = 3*b - 2*v. Suppose -393 = -b*f - 5*a, 3*f - 206 = -3*a + 181. What are the prime factors of f?
2, 3, 7
Let b(p) = p**3 - 5*p**2 + 5*p - 2. Let x be b(4). Suppose -2*n + 4*m + 84 = 0, -3*n - x*m + 142 = 32. List the prime factors of n.
2, 19
Suppose 2957 - 935 = 6*d. What are the prime factors of d?
337
Suppose -76*v + 64*v + 3456 = 0. What are the prime factors of v?
2, 3
Suppose 5*n - 2 = -7. Let u be (168/(-18))/(n/3). Suppose -2*w = a - w, -5*a = -2*w - u. List the prime factors of a.
2
Let v(s) = 7*s - 13 - 6 + 4*s. List the prime factors of v(10).
7, 13
Suppose -3*y + 2*r = -51, 3*y - 4*r - 42 = y. Suppose -3*q - 114 = -y. Let m = 65 + q. What are the prime factors of m?
2
Let o be ((-1)/3)/(1/9). Let z be -1*((-6)/o + -130). Let s = z - 85. List the prime factors of s.
43
Let k = -1 + 4. Let w(x) = -x**2 + 1 + x**k + 3*x - 7*x + 5*x**2. What are the prime factors of w(-3)?
2, 11
Suppose 0*g = 9*g - 3249. Let s = g - 223. List the prime factors of s.
2, 3, 23
Suppose 10 = 4*t - 6. Suppose -t*c + 24 = -8. List the prime factors of 51 - c/(-12)*3.
53
Suppose -5*m - 14 + 4 = 0. What are the prime factors of (-1)/(-3 - m)*(42 + -1)?
41
Let t be (3 - 240)*4/(-12)*1. Suppose 3*w - t = -m + 7*w, -2*w - 10 = 0. List the prime factors of m.
59
Let a(y) = -137*y - 244. List the prime factors of a(-9).
23, 43
Suppose -2*a - c + 5432 + 2984 = 0, -12622 = -3*a - c. What are the prime factors of a?
2, 3, 701
Let s(n) be the second derivative of -n**3/6 + n**2 + 11*n. Let w be s(-1). What are the prime factors of (198/12)/(w/8)?
2, 11
Let q be 5/(-2)*2/(-5). Let v be -2 - -1 - (-3 - q). Suppose v*r = -9, s + 4*s - r = 218. List the prime factors of s.
43
Suppose 0 = 3*m - 49 + 67. Let x = 52 + m. List the prime factors of x.
2, 23
List the prime factors of (-4)/(-24)*6 + 649 + -3.
647
Suppose d = 3*c + 3 - 4, -3*d - 19 = -c. What are the prime factors of (-3 - d)*(4 - (-1435)/20)?
3, 101
Suppose d + 3*w - 3694 = -957, -2743 = -d - 5*w. What are the prime factors of d?
2, 11, 31
Suppose 0 = -3*s - 2*l - 4, 3*s - 2*l = 8*s + 4. Suppose -3*w - 100 + 274 = s. List the prime factors of w.
2, 29
Let v(t) = t - 2. Let w be v(4). Suppose 2 = -w*g + 6. Suppose 106 + g = 4*r. List the prime factors of r.
3
What are the prime factors of 4/(-44) + (-74190)/(-66)?
2, 281
Let o = 26 + -13. Let s = 256 + -197. Suppose 2*k = s + o. List the prime factors of k.
2, 3
Let t = -97 - -182. Suppose -g = 4*f - t, -4*g + 6*f = 3*f - 245. List the prime factors of g.
5, 13
Let u be 1*0/(-1) + 5. Suppose 4 = u*x - x. Let g = x - -20. List the prime factors of g.
3, 7
Suppose -5*p - 426 = -6*p + 3*r, -5*p = -5*r - 2090. List the prime factors of p.
2, 3, 23
Suppose -1 + 5 = 2*h. Suppose -r + 4*o - 10 = -3*r, 2*r - 12 = -h*o. List the prime factors of r.
7
Let d = 5 + -17. Suppose 5*k = k - 20. Let h = k - d. List the prime factors of h.
7
Let w = 1317 - 922. What are the prime factors of w?
5, 79
Let s = 1065 + -521. What are the prime factors of s?
2, 17
Let f be (3 + -5)/(4/206). Let n = -53 - f. Let z = 79 - n. List the prime factors of z.
29
Suppose 0 = 4*r, 3*a - r = -0*r + 18. Let g(k) be the second derivative of k**3/3 + 5*k**2/2 + 33*k. List the prime factors of g(a).
17
Let u = -21 + 30. Let c(n) = -u*n + 15 + 11*n + 14. What are the prime factors of c(0)?
29
Let m(g) = g**2 - 17*g + 22. Let j be m(16). Suppose 948 = j*a + 6*a. What are the prime factors of a?
79
Suppose -3*t + 334 = 2*d, 3 = -d + 5. What are the prime factors of t?
2, 5, 11
Let h(y) = 9*y**2. Let d be h(2). List the prime factors of (-154)/(-3)*(-3 - d/(-6)).
2, 7, 11
List the prime factors of (-3 - (-6 + 0))*7826/21.
2, 13, 43
Let p(y) = y**3 + 2*y**2 - 5*y + 3. Let i be p(-3). Suppose 0 = -i*q + 2*q + 581. What are the prime factors of q?
83
Let q(d) = -5*d**3 - 3*d + 14. Let k(g) = 11*g**3 + 6*g - 29. Let p(w) = 6*k(w) + 13*q(w). List the prime factors of p(3).
2, 13
Let a(s) = 5*s - 9. Suppose 6 = 2*v + t - 4, -5*v + 20 = 5*t. Let z be a(v). Suppose 3*p = -3*b + z, -b + 2*b - 5 = -2*p. What are the prime factors of b?
3
Let k = 79 + -79. Suppose k = -4*q + 211 + 349. What are the prime factors of q?
2, 5, 7
Let p = 134 + -4. What are the prime factors of p?
2, 5, 13
Let j = 175 + -120. Let d = -24 + j. List the prime factors of d.
31
Let r(a) = -a**3 + 14*a**2 + 7*a. Let i(p) = -p**2 - 1. Let s(d) = 6*i(d) + r(d). Let l be s(8). Let z = l - 9. What are the prime factors of z?
41
Let z = -167 - -85. Let w = z - -98. List the prime factors of w.
2
Let u = 478 - 184. List the prime factors of u.
2, 3, 7
Let i = 1179 + -953. What are the prime factors of i?
2, 113
What are the prime factors of 110/(-132) - (-30039)/18?
2, 3, 139
Let h be 9313/9 - (-18)/81. What are the prime factors of h/9*(-4)/(-10)?
2, 23
Let z be (0 - -3 - 5)*-1. Let b be (5/z)/((-1)/(-2)). List the prime factors of ((-9)/b + 1)*-60.
2, 3
Let k = -53 - -77. Let w be (1/2)/((-2)/k). What are the prime factors of (-1)/(-2) + (-213)/w?
2, 3
Let b(k) be the third derivative of -k**6/360 - k**5/15 - k**4/3 + k**3/6 - 4*k**2. Let y(x) be the first derivative of b(x). List the prime factors of y(-6).
2
Let m = 9 - 7. Let r be 2*(m - (-2)/(-2)). Suppose r*o = -0*o + 26. What are the prime factors of o?
13
Suppose 0 = -n - 18*d + 14*d + 1920, -3*n + 5726 = -5*d. List the prime factors of n.
2, 239
Let u = 126 - 118. Let l = 40 - u. What are the prime factors of l?
2
Suppose -5*p = 2*m + 3*m + 220, -m = -p - 40. What are the prime factors of (-607)/(-7) + (-12)/p?
3, 29
Let g = 3726 + -2626. What are the prime factors of g?
2, 5, 11
Let q(x) be the third derivative of x**4/8 + 14*x**3/3 + 30*x**2. List the prime factors of q(13).
67
Suppose 12*j - 18 = 15*j. Let k(c) = -c**3 - 5*c**2 + 7*c + 9. Let m be k(j). Suppose -m*p + 4*a + 159 = 6*a, 4*p + 4*a = 212. What are the prime factors of p?
53
Let n(i) = -8*i + 30. Suppose 0 = -5*t + 15, -4*r - 2*t - 32 = -10. List the prime factors of n(r).
2, 43
List the prime factors of 100 + ((-6)/(-18) - (-30)/(-9)).
97
What are the prime factors of (1 - -15)/(-8) - -111?
109
Let q(t) = 8*t**2 - 4. Let h(p) = p + 2. Let k be h(1). List the prime factors of q(k).
2, 17
Let a = -6 + -1. Let y(j) = j + 12. Let d be y(-3). Let h = d - a. What are the prime factors of h?
2
Let w = 44 - 44. Suppose w = 3*j - 0*j - 102. List the prime factors of j.
2, 17
Suppose 8*w = 7*w + 9. Let b(h) = -141 + 5*h + 141 - 2*h. What are the prime factors of b(w)?
3
Suppose 0 = 5*u - 20 - 5. What are the prime factors of u + -2 - 1*-13?
2
What are the prime factors of -1 - 15334/(-12) - (-2)/12?
1277
Let n = 1316 + 2520. What are the prime factors of n?
2, 7, 137
Suppose -5*k + 7 = -y, -y + k = 5*k - 11. What are the prime factors of 729/7 + y/(-21)?
2, 13
Let n(m) = m**3 + 21*m**2 - 28*m + 24. Let y be n(-21). Suppose 0 = 4*w - 8*w + y. What are the prime factors of w?
3, 17
Suppose -3*z + 3 = -4*c - 0*c, -3*z = -5*c. List the prime factors of (-4)/c*(-24)/16.
2
What are the prime factors of ((-92)/(-3))/((-16)/(-264))?
2, 11, 23
Suppose 0 = -38*s + 33*s + 910. Let n = s + -76. What are the prime factors of n?
2, 53
Let k be (-3)/((-3 + 0)/6). Suppose 2*y = k*y - 132. Suppose -13 = 4*m - y. What are the prime factors of m?
5
Let i = 2609 + -1456. What are the prime factors of i?
1153
Suppose 3*i + 221 = -4*g + 3358, g - 3149 = -3*i. List the prime factors of i.
1051
Let k be (-63)/(-15) + (-1)/5. Suppose k*z = 2*z + 72. Suppose 0*r + z = 3*r. List the prime factors of r.
2, 3
Suppose 6*k - 2*f - 3480 = 4*k, -3*k + 5248 = 4*f. What are the prime factors of k?
2, 109
Let k(n) = -n - 7. Let i be (-7 - -3) + -2 - 1. Let c be k(i). Suppos